585. List the prime factors of j.
2, 5, 293
Suppose 8*z = 3*z + 20. Suppose m - 68 = z*j, 4*m = -2*j + 142 + 40. Suppose -24*c + 23*c + m = 0. List the prime factors of c.
2, 3
Suppose -30*k - 390 = 9*k. What are the prime factors of (115/k)/((-7)/98)?
7, 23
Suppose -16*z + 36*z - 8*z = 0. Let c(v) = -v**3 - 3*v + 1351. List the prime factors of c(z).
7, 193
Suppose -5*h = 1719 - 6449. Suppose 15*b + h = m + 14*b, 16 = 4*b. List the prime factors of m.
2, 5, 19
Let c(o) be the first derivative of 973*o**3/3 + 2*o**2 - 3*o + 257. What are the prime factors of c(1)?
2, 487
Let d(y) = -3*y + 39. Let b be d(12). Suppose -3*q + 478 = n, 5*q - 4*n + b*n = 786. Suppose q = k + 20. What are the prime factors of k?
2, 3, 23
Let q(b) = 8604*b**3 - 2*b**2 + 35*b - 34. List the prime factors of q(1).
7, 1229
Suppose 7*p + 4 = -3. Let n be (3/9)/(p/27). Let q = n + 113. List the prime factors of q.
2, 13
Let u = 22 - 12. Suppose 0 = 2*d + u, -5*n = -5*d - 2763 + 173. What are the prime factors of n?
3, 19
Let t(o) = 25*o - 24. Let r(u) = -2*u + 1. Let i(y) = 12*r(y) + 4*t(y). List the prime factors of i(4).
2, 5, 11
Let i(b) = -b**3 + b**2. Let w = 91 + -92. Let y(m) = 6*m**3 + 18*m**2 - 15*m - 53. Let t(p) = w*y(p) - 5*i(p). List the prime factors of t(-24).
269
Let j(a) = -a**3 + 92*a**2 + 41*a + 2450. List the prime factors of j(90).
2, 5, 1117
Let x = 6070 + -902. List the prime factors of x.
2, 17, 19
Let g(u) = 3*u**3 + 225*u**2 + 218*u - 316. What are the prime factors of g(-71)?
2, 22349
Let v(o) = -2*o - 54. Let s be v(-9). Let c = 60 + s. What are the prime factors of c?
2, 3
Let z = -11963 + 17167. List the prime factors of z.
2, 1301
Let h(w) = 5*w**2 - 6*w + 9. Let l(g) = g**2 - 4*g - 9. Let f be l(6). Let i be h(f). List the prime factors of ((-72)/(-7))/(i/168).
2, 3
Suppose 5*i = 20, 3*s - 40*i - 15407 = -36*i. List the prime factors of s.
53, 97
Let n = -25489 - -79546. Suppose 27*u - n = -2811. List the prime factors of u.
2, 13, 73
Let u(d) = -d**3 + 3*d**2 - d - 22. Let p(b) = 4*b - 55. Let q be p(12). What are the prime factors of u(q)?
5, 19
Let b(i) = -i**3 + 16*i**2 - 4*i + 12. Let o be -1 + (4 - -1) + (-14)/(-7). Suppose o*k + 1 = 91. What are the prime factors of b(k)?
3, 59
Let r = 17 - -97. Suppose 0 = -8*b - 626 + r. Let q = 74 - b. List the prime factors of q.
2, 3, 23
Suppose 4*h = h + 6051. Let v = h - 1354. What are the prime factors of v?
3, 13, 17
Let s(u) = 11*u**2 - 99*u + 35. Let j be s(29). Suppose -29*f + 30369 = j. List the prime factors of f.
2, 7, 59
Let i(c) = 8*c**3 + 3*c**2 + 8*c - 17. Let g = 552 - 547. What are the prime factors of i(g)?
2, 3, 61
Let o(v) = -9*v + v + 263*v + 48*v. Let h be o(1). Suppose -h = l - 4*l. List the prime factors of l.
101
Suppose -69 + 177 = 9*h. Suppose -3*s = -6, -w - 2*s = -64 + h. Suppose w + 93 = a. What are the prime factors of a?
3, 47
Suppose -2*k - 402 = -2*t, -k + 6*t = 3*t + 209. Let d = k - -491. List the prime factors of d.
2, 3, 7
Let t = -5030 - -5589. What are the prime factors of t?
13, 43
Let c(s) = 2*s**2 + 7*s + 9. Let u(q) = 2*q - 4. Let m be u(4). Let b be c(m). Suppose 0 = -3*i + h + b, i - 6*i + 5*h = -105. List the prime factors of i.
2, 3
Suppose -3451*t = -3442*t. Let m(r) = r**2 - r + 2. Let w be m(2). Suppose t = -3*p - w*p + 798. List the prime factors of p.
2, 3, 19
Suppose -4648 = -2*h + 3*p - 2*p, -2*h + 4652 = -2*p. What are the prime factors of h?
2, 3, 43
Let y = 16 + -15. Suppose 2*c = -3*a - y, -a + 6 + 1 = -3*c. List the prime factors of -2 - (0 + 158/c).
7, 11
Let x(h) = 123*h + 17978. List the prime factors of x(0).
2, 89, 101
Suppose 17*y = 37*y - 120, -5*s + y + 4169 = 0. What are the prime factors of s?
5, 167
Suppose 0*j - 41 = -4*j + 3*t, 2*t + 4 = j. Suppose 0 = -3*h - j*h + 11339. What are the prime factors of h?
23, 29
Suppose 5*p - 2*p - 9 = 0. Let v be (-20)/(-6) + 3 + (-7)/p. Suppose -v*y + 11 = 2*d - 635, -333 = -2*y + d. What are the prime factors of y?
2, 41
Suppose 2*c = -3*m + 63323, 10 = -28*c + 23*c. List the prime factors of m.
11, 19, 101
Suppose 0 = -3*t + 2*l - 165, t - l = -5*l - 55. Let a = -69 - t. Let j(u) = 2*u**2 + 26*u + 7. What are the prime factors of j(a)?
5, 7
Suppose 0 = -5*j - 4*r + 23, -3*j + 2*r + 3 = -r. Suppose -j*a - 63 = -4*d, a - 27 = -d + 4*a. What are the prime factors of d?
2, 3
Suppose 0 = 2*n + 2*b - 0 + 2, 5*n + 4 = -4*b. Let l(a) = 2*a + 29 + n*a - 3*a + 0*a. List the prime factors of l(-18).
47
Let b = 140 + -128. What are the prime factors of (1300/b)/5*3?
5, 13
Let f(n) = 593*n - 10601. What are the prime factors of f(67)?
2, 3, 5, 971
Let s(f) = -6*f + 71. Let j be s(11). Suppose a + 20 = j*a. Suppose -5*z - u - u + 45 = 0, a*z + 4*u = 55. What are the prime factors of z?
7
Let n be (16 - 12)*(-1)/4. Let p be ((-3)/9 - n)/((-10)/(-12315)). Suppose -5*f = -4*d - 1367, d = 3*f - d - p. List the prime factors of f.
5, 11
Let r = 51130 + 45751. What are the prime factors of r?
19, 5099
What are the prime factors of ((-229100)/(-40))/(2/4) - -9?
2, 1433
Let g(i) = 136*i**2 + 19*i + 27. Let w be g(9). Suppose -29*c + 8*c = -w. List the prime factors of c.
2, 3, 89
List the prime factors of (342/133*14/30)/((-4)/(-51690)).
3, 1723
Let o(x) = -3*x**2 + x. Let f be o(2). Let p(j) = j**3 + 11*j**2 + 8*j - 20. Let u be p(f). Suppose -2*a - 2 = -u, -2*w - a = -49. List the prime factors of w.
5
Suppose 95*z - 67696 - 118289 = -63625. List the prime factors of z.
2, 7, 23
Let p = -41667 - -61481. List the prime factors of p.
2, 9907
Suppose 4*b + 2*v = 4*v + 46540, -3*b - 4*v = -34927. List the prime factors of b.
3, 431
Let o be 5*(-1)/10*148. What are the prime factors of o/3*990/(-12)?
5, 11, 37
Suppose 1737*u - y - 59100 = 1735*u, 4*u = -3*y + 118230. What are the prime factors of u?
3, 9851
Suppose -322 + 1025 = a. Let i = a + -310. What are the prime factors of i?
3, 131
Suppose -2*q - 4*o = -40126, -5*o + 21879 - 62023 = -2*q. List the prime factors of q.
3, 6689
Let g(z) = 8*z**2 + 27*z + 306. What are the prime factors of g(30)?
2, 3, 7, 11
Let h(a) = a**2 + 9*a + 35. Let f(d) be the first derivative of d**4/2 - d**3/3 - d**2 + d - 14. Let c be f(-2). List the prime factors of h(c).
5
Let j be (2/8)/(-3*3/(-72)). Suppose 8*b - j*b - 300 = 0. Let a = b + 41. List the prime factors of a.
7, 13
Let q(n) = 203*n**2 + 9*n + 23. List the prime factors of q(9).
16547
Suppose 49*v = 40*v + 972. Suppose -4*l = v - 2584. List the prime factors of l.
619
Let a(m) = 21*m - 11 + 30 - 55*m + 11. Let x be a(-14). What are the prime factors of 23/(-69) - x/(-6)?
2, 3, 7
Let t(v) = 14*v - 17. Let z be t(-9). Let p = -138 - z. Suppose -p*u + 253 + 112 = 0. List the prime factors of u.
73
Suppose 0 = -24*y + 94376 - 7880. Suppose 22*j - y = -12*j. What are the prime factors of j?
2, 53
Let m = -25 + 21. Let j(b) = -b**3 + 9*b**2 + 19*b - 19. Let x be j(10). What are the prime factors of (x + -61)/((m/35)/(-2))?
5, 7
Suppose -9*y + 190 = -8*y. Suppose -3*k - k = 0. Suppose k = 3*c - 8*c + y. List the prime factors of c.
2, 19
Suppose 3*d + g - 4*g = -2016, -5*g - 2024 = 3*d. Let b = 1125 + d. What are the prime factors of b?
2, 113
Let y(p) = 123*p**3 + 3*p + 2. Let j be y(-1). Let n = j + 140. List the prime factors of (-3)/(-12) + 2924/n.
3, 61
Suppose 3*c + s = -95, -4*s + 5*s + 155 = -5*c. Let n = 32 + c. What are the prime factors of 88 - (4 - n)/1?
2, 43
Suppose -237682 = -116*u + 93*u. What are the prime factors of u?
2, 5167
Let n(v) = 4*v + 39. Let b be n(-9). Suppose 6 = -b*c - 3*c. What are the prime factors of (-5 - c)/(-8)*44?
2, 11
Let p be (-4*14/21)/((-2)/3). Suppose -5*b - 827 = -p*a, 5 + 5 = 2*b. Suppose -a - 517 = -5*t. List the prime factors of t.
2, 73
Let c be -33 + (6/4 - 1/2). Let u = c - -31. What are the prime factors of (-5 - -1) + 1 + 72 + u?
2, 17
Let q(d) = -2*d + 5*d + 6 + 1 + 1 - d**2. Let m be q(5). What are the prime factors of 1 - (-534)/8 - m/8?
2, 17
Suppose 0 = 3*u - 5*m - 34, 0*u + 5*m + 10 = -5*u. Suppose 3*l - 3*b + 0*b - 30 = 0, 4*l - u*b = 42. List the prime factors of l/6*246/4.
3, 41
Suppose -14*m + 34922 + 41420 = 0. List the prime factors of m.
7, 19, 41
Let g = -138 - -132. What are the prime factors of (-3480)/(-80) + (-4)/(16/g)?
3, 5
Let i be 1826/1*(-24)/(